11) to base 13
15066
-75395a (base 14) to base 11
-226a455
Convert -22031045 (base 6) to base 8.
-2403645
Convert 13103101 (base 5) to base 14.
34ba6
What is 3a341 (base 12) in base 5?
10024334
Convert a8590 (base 11) to base 3.
22000102001
-26143b (base 12) to base 2
-10011000011100101111
Convert 93a3 (base 13) to base 9.
31001
Convert -99893 (base 12) to base 2.
-110001101010101111
What is 7504488 (base 9) in base 15?
545aa2
1132412401 (base 5) to base 6
132114455
-145246 (base 8) to base 7
-304151
What is -12459a (base 15) in base 14?
-18b043
Convert -1204043 (base 9) to base 13.
-19acbb
Convert -147574 (base 9) to base 5.
-10401433
30043421 (base 5) to base 10
237361
283274 (base 12) to base 7
5454523
What is 10113213300 (base 4) in base 15?
179553
-28c56b (base 13) to base 10
-998372
What is -110300112220 (base 4) in base 5?
-2343102221
2256163 (base 8) to base 4
2111301303
Convert 9932 (base 15) to base 7.
163412
-18176a (base 12) to base 5
-101330123
What is 263361 (base 9) in base 4?
213003031
Convert 121226 (base 10) to base 9.
204255
What is -21950a (base 11) in base 10?
-349337
What is ac0896 (base 14) in base 15?
7a59a7
Convert -11222102202 (base 3) to base 11.
-676a4
What is -100cdb (base 14) in base 7?
-4410264
What is 4bff77 (base 16) in base 4?
102333331313
-11000001000010010 (base 2) to base 10
-98834
Convert -135214 (base 8) to base 9.
-72452
Convert -1101000010010100010101 (base 2) to base 7.
-41022110
Convert -4425302 (base 6) to base 14.
-5aa22
Convert 3133123103 (base 4) to base 5.
213241110
-3a9605 (base 12) to base 3
-1211021222012
What is -10646045 (base 8) in base 9?
-4315161
201223330 (base 4) to base 14
383da
-200263 (base 9) to base 12
-58579
Convert -211001210101121 (base 3) to base 4.
-230233002010
Convert -2122500 (base 6) to base 2.
-11001011101100100
20523444 (base 6) to base 12
250584
Convert -462937 (base 11) to base 12.
-2b5a01
What is 14026420 (base 7) in base 10?
1301209
What is -25013066 (base 7) in base 6?
-115552505
1145241 (base 6) to base 15
1302d
What is -2c974 (base 13) in base 10?
-85102
What is -1011000101101001 (base 2) in base 3?
-2022022010
Convert 127863 (base 10) to base 4.
133031313
Convert 210210333 (base 4) to base 2.
100100100100111111
Convert -110001211002022 (base 3) to base 12.
-219332b
-113645353 (base 7) to base 15
-944e77
Convert 100101010100110011 (base 2) to base 13.
54783
5582623 (base 9) to base 12
1010133
111216 (base 9) to base 14
1a352
c8bca (base 15) to base 3
1012101000201
Convert 23070 (base 11) to base 12.
17374
Convert -59135a (base 14) to base 8.
-13456104
1201011002010 (base 3) to base 13
25a613
-2873966 (base 12) to base 6
-445530210
What is -102654 (base 7) in base 13?
-8163
-35aa7 (base 15) to base 16
-29c95
Convert 1864787 (base 9) to base 11.
6554a1
-11112123001 (base 4) to base 16
-1566c1
1cb9d8 (base 14) to base 5
230442304
1302003 (base 5) to base 9
37568
Convert 1bc85 (base 13) to base 4.
31121101
Convert 91eb (base 15) to base 14.
b337
a0464 (base 11) to base 6
3052220
-7a33659 (base 11) to base 12
-48607a7
What is -1214134014 (base 5) in base 6?
-141423405
What is 10013242 (base 5) in base 8?
232535
Convert -3299a1 (base 16) to base 10.
-3316129
-aab4b (base 12) to base 14
-5c671
What is 121212001202 (base 3) in base 7?
2551115
What is -3014111 (base 6) in base 12?
-6a337
49da1 (base 14) to base 13
6453b
What is -14203415 (base 6) in base 16?
-75e63
-4116564 (base 7) to base 14
-cb4db
-240413400 (base 5) to base 4
-10032112112
What is 101101110101011110101 (base 2) in base 16?
16eaf5
Convert 12433321212 (base 5) to base 7.
245654365
Convert 2a7848 (base 12) to base 7.
6051152
What is 3414403 (base 7) in base 10?
424147
Convert -14421 (base 9) to base 14.
-3816
375409 (base 14) to base 11
1086192
What is -1525113 (base 9) in base 2?
-11001101111100011010
What is -3491788 (base 11) in base 9?
-12415832
What is -312034440 (base 5) in base 11?
-7a7551
What is -14c99c (base 14) in base 4?
-2301110232
What is 599b99 (base 13) in base 14?
3d8236
Convert 20120111111112 (base 3) to base 10.
3493733
-2a1794a (base 11) to base 4
-103300111231
What is 40051241 (base 6) in base 12?
463b21
153030104 (base 6) to base 5
1311120232
Convert -6259319 (base 11) to base 16.
-a8696b
Convert -1010420131 (base 5) to base 13.
-567aab
-64415644 (base 7) to base 12
-1a05404
Convert 14324366 (base 7) to base 11.
842a78
What is -3302133 (base 4) in base 3?
-210021210
-60b332 (base 16) to base 5
-3110243310
What is 2ca46a3 (base 13) in base 10?
14404679
What is -28820 (base 10) in base 12?
-14818
What is -773483 (base 10) in base 14?
-161c4b
Convert -121a36 (base 11) to base 3.
-100210121221
What is a92a4 (base 16) in base 14?
14072c
What is -12340302133 (base 5) in base 10?
-15165918
Convert -85234 (base 16) to base 9.
-1021044
What is 92412 (base 12) in base 16?
2e8ce
2120122130 (base 4) to base 13
18b1cb
Convert -1311344430 (base 5) to base 13.
-89199c
What is -10423020134 (base 5) in base 15?
-102c0b4
What is -142148 (base 10) in base 4?
-202231010
Convert 2322032001 (base 4) to base 11.
481082
Convert -11111011111110011110 (base 2) to base 3.
-1221102202201
Convert -651154 (base 8) to base 7.
-1564501
122011210202222 (base 3) to base 14
12d8d0c
What is 163a6a (base 11) in base 14?
688b6
Convert 2756370 (base 11) to base 6.
245504302
Convert -16a8d5 (base 14) to base 6.
-25032111
1020130101203 (base 4) to base 6
1515005255
-211320333 (base 4) to base 10
-155199
Convert 101100000010100011000 (base 2) to base 16.
160518
17c4d (base 15) to base 5
4431043
Convert -101202522 (base 7) to base 12.
-1b94243
What is 1134540332 (base 6) in base 9?
26121552
-532819 (base 11) to base 12
-351650
Convert 1140420 (base 6) to base 9.
100883
Convert 278075 (base 9) to base 3.
22122002112
What is -11010001010011100011 (base 2) in base 13?
-2402b4
Convert -323213130 (base 5) to base 4.
-11101132102
11000001110101101 (base 2) to base 12
49525
Convert -73ba8 (base 15) to base 3.
-200122121112
What is 341043340 (base 6) in base 3?
102200120011220
What is 27b877 (base 14) in base 15?
1c2c62
101000100110010110010100 (base 2) to base 7
156314451
Convert 1ac1fe (base 16) to base 4.
12230013332
Convert 11657 (base 13) to base 9.
47612
5141653 (base 7) to base 11
390342
What is -5748a (base 15) in base 8?
-1036424
What is -111110001101111001001 (base 2) in base 4?
-13301233021
What is -414132413 (base 5) in base 10?
-1708483
What is -23115 (base 6) in base 9?
-4452
Convert 101121200122 (base 3) to base 11.
133028
Convert 45234 (base 13) to base 9.
211266
What is 100010001011100110 (base 2) in base 4?
202023212
What is 11244230 (base 5) in base 2?
11001001010011001
Convert -4779049 (base 10) to base 8.
-22166051
-11a49 (base 16) to base 8
-215111
-235bb3 (base 13) to base 10
-841259
Convert -9a7a17 (base 13) to base 8.
-15715660
What is -101111011001001101 (base 2) in base 15?
-3c7ba
What is 1202977 (base 13) in base 10?
5575408
1a31b (base 16) to base 10
107291
-220322012 (base 4) to base 2
-101000111010000110
-280351 (base 9) to base 12
-82a77
-350554 (base 12) to base 7
-10142635
456a1 (base 13) to base 4
132312212
Convert 172c2 (base 16) to base 2.
10111001011000010
-5108959 (base 11) to base 2
-100010011100110000000001
What is -420024 (base 8) in base 9?
-232050
Convert 2545544 (base 6) to base 16.
21da8
What is -12010120211021 (base 3) in base 4?
-22121331232
Convert -2de9f (base 16) to base 10.
-188063
-800415 (base 9) to base 5
-110111410
What is 44c65 (base 13) in base 6?
2403211
-12200212011 (base 3) to base 16
-1b622
Convert 10a356 (base 13) to base 12.
16bb01
2255340 (base 9) to base 12
4a8839
Convert a659 (base 13) to base 10.
23058
What is 2252006 (base 8) in base 11?
388339
Convert -12abd (base 14) to base 11.
-31647
What is 20003001113 (base 4) in base 14?
3ccac7
What is 4611436 (base 8) in base 12?
503512
5932a0 (base 11) to base 13
26c630
Convert -318226 (base 10) to base 7.
-2463526
What is -3847455 (base 10) in base 7?
-44463033
Convert 13111021010 (base 4) to base 3.
10121121221112
3a15a (base 11) to base 15
1202e
aceee (base 16) to base 13
1ba543
What is 122120212200 (base 3) in base 6?
11230413
What is -111103221100 (base 4) in base 6?
-315414424
What is -720746 (base 8) in base 10?
